 divisor of d and 7?
7
Let y = 54 + -79. Let o = y - -30. Let j = -43 - -83. Calculate the highest common divisor of j and o.
5
Let l(v) = 2*v**3 + 13*v**2 - 15. Let t be l(-6). Let j be (-1)/2*0 - 7. Let i be (12/t)/((-2)/j). What is the highest common factor of 16 and i?
2
Let w(q) = -q**3 - 2*q**2 - 8*q - 25. Let g be w(-3). What is the greatest common divisor of 10 and g?
2
Let t be 1/28*7 - 40664/(-32). What is the highest common divisor of 82 and t?
41
Let a = 245 + -195. Calculate the highest common factor of a and 50.
50
Suppose 0*s = -2*s, 0 = p - s - 16. Suppose 0 = n - 4*n + 42. Let r = 66 + n. What is the highest common divisor of p and r?
16
Let z be (-140)/21*9/(-4). What is the greatest common factor of z and 240?
15
Suppose 13*o = 7*o + 5022. What is the highest common divisor of o and 27?
27
Let n be (-83)/(-2) - (6/6)/(-2). Suppose 2*i - 60 = v - 0*v, -5*v - 76 = -2*i. Calculate the greatest common factor of n and i.
14
Let v(y) = y + 7. Let j(h) = 3 - 5*h + 0 + h**2 + 0*h. Let t be j(3). Let n be v(t). What is the highest common factor of n and 1?
1
Let c(h) = 2*h**2 + h - 2. Let a = -7 + 9. Let q be c(a). Suppose -5*v = -2*l - 67, -3*v - 2*l + 61 = q. What is the highest common divisor of v and 75?
15
Let q(t) = -9*t - 296. Let d be q(-33). Suppose 5*m + 12 = 67. Calculate the greatest common factor of d and m.
1
Suppose -3*i + l + 149 = -152, i - 97 = -3*l. Suppose 5*p + 3*s - i = 142, -3*p = 2*s - 146. Calculate the highest common divisor of 23 and p.
23
Let x = 8 - 3. Let z be (24/(-28))/(3/(-21)). Suppose -18 = -z*r + 12. Calculate the greatest common factor of x and r.
5
Let f(b) = b**3 + 8*b**2 - 7*b - 10. Let s be f(-5). Calculate the highest common divisor of 32 and s.
4
Let k(f) = -42*f - 1. Let g be k(-1). Let l = 42 - g. Calculate the highest common divisor of l and 1.
1
Let y(r) be the second derivative of r**4/6 - r**3/6 - r**2 - r. Let k be y(-2). Let n = 536 - 520. What is the greatest common divisor of n and k?
8
Suppose -o + 2*o = 3*g + 2, -2*o + 2 = -5*g. Let j be 150/12 + 3/g. Suppose 90 = j*s - 6*s. What is the highest common divisor of 198 and s?
18
Let d be (-44)/5*250/(-4). Suppose 2*h - 428 = -4*j + d, -4*j - h + 973 = 0. Calculate the greatest common factor of j and 22.
22
Let k = 2302 + -1876. What is the highest common divisor of 994 and k?
142
Let u(y) = y**3 - 13*y**2 - 2*y + 39. Let k be u(13). What is the highest common factor of 26 and k?
13
Suppose -3*s - 21 = -12. Let h be (225 - -4) + 6/(-9)*s. Let a = 45 - 24. What is the greatest common factor of a and h?
21
Let l(u) = 10*u**2 - 12*u + 26. Let f be l(3). What is the greatest common factor of f and 20?
20
Let o = 1 - -1. Let t be 342/36 - 1/o. Suppose -n + t = -3*x, -3*x = -2*x + 1. What is the greatest common divisor of n and 4?
2
Let b(z) be the third derivative of 0*z**4 + 0*z + 0 + 0*z**3 - 1/60*z**5 + 7*z**2 + 17/120*z**6. Let m be b(1). What is the greatest common divisor of 8 and m?
8
Suppose c - 2*j - 767 = -5*j, -772 = -c + 2*j. Calculate the greatest common divisor of c and 14.
14
Let f(g) = 9*g + 47. Let u be f(-5). Calculate the highest common factor of u and 31.
1
Suppose 47*d - 53*d + 60 = 0. Let y(w) = w**2 + 2*w - 4. Let o(p) = -p + 3. Let b be o(7). Let k be y(b). Calculate the highest common factor of k and d.
2
Let j = -1478 + 1491. Suppose k + 38 = 12. Let g = -13 - k. What is the highest common factor of g and j?
13
Let f be (1 - (-78)/(-10))*-5. What is the greatest common divisor of f and 8?
2
Let v be 62/6 + 40/(-30). Suppose 3*c - 3*q = 6, 5*q - 3 = 4*c - v. Calculate the greatest common factor of 28 and c.
4
Suppose -18*c + 60 = -17*c. Suppose 10*a = 16*a - c. What is the greatest common divisor of a and 45?
5
Let v(o) = 8*o**2 + 0 - 5 - 3*o**2 - 5*o. Let f be v(-2). Calculate the highest common factor of f and 275.
25
Let b = 3 - -168. Let g(n) = -18*n + 3. Let p be g(-3). Let y = -38 + p. Calculate the greatest common factor of y and b.
19
Let n(s) = -s**3 - 14*s**2 + 54*s + 60. Let k be n(-17). What is the greatest common divisor of k and 720?
9
Let i = -186 + 196. What is the greatest common divisor of 30 and i?
10
Let s(p) = -p**2 + 9*p + 152. Let y be s(0). Calculate the highest common factor of y and 38.
38
Suppose -7 = -2*h + 11. Let q = 0 + 2. Suppose 5*i - 6 = -q*v - 0, -3*v = 5*i - h. Calculate the highest common factor of v and 21.
3
Let k = 33 - -2. Suppose 2*j = j + 175. What is the greatest common divisor of k and j?
35
Suppose 2*q - s - 85 + 20 = 0, -4*s + 130 = 5*q. Let c(j) = 2*j**2 + 161*j + 904. Let n be c(-6). What is the highest common factor of q and n?
10
Let l = -38 - -88. Let f be ((-20)/l)/((-2)/50). Let s(t) = t**3 + 4*t**2 - 2*t + 2. Let d be s(-4). What is the greatest common divisor of f and d?
10
Suppose 39*o = 48*o - 450. Calculate the greatest common factor of 650 and o.
50
Let x(f) = -3*f**2 - 4*f**3 + 3*f**3 + 6*f + 8 - f**2. Let n be x(-6). Let h = 994 - 884. What is the greatest common factor of h and n?
22
Suppose 2368*o - 104 = 2364*o. Suppose 4*b - 83 - 21 = 0. Calculate the greatest common factor of o and b.
26
Let r be ((-24)/15)/(((-8)/15)/8). Let k be (1 + 8)*114/18. Suppose k = -b + 2*b + 3*t, -5*b - t + 355 = 0. What is the highest common divisor of r and b?
24
Let p be 156/30 - (-1)/(-5). Suppose r = -5*g + 18, p*r - 11 = 4. Suppose -2*h + 33 + g = 0. What is the highest common factor of 54 and h?
18
Suppose 0 = -117*k + 125*k - 3432. Calculate the highest common divisor of 13 and k.
13
Let b(z) = z**3 + 7*z**2 - 4*z - 9. Let c be b(-9). Let m = c + 141. What is the greatest common factor of m and 33?
3
Let g = -16 - -40. Suppose t = 2*t - 4*j - g, t - 3*j - 24 = 0. What is the highest common factor of t and 168?
24
Let f be (19 + -14)/((-2)/(-22)). Calculate the highest common factor of 2585 and f.
55
Suppose -z = -0 - 2. Suppose z*d - 58 = -10. What is the highest common divisor of d and 72?
24
Suppose -16 = -52*c + 50*c. Let k(m) = -3*m**3 + 3*m**2 + m - 2. Let t be k(-2). What is the greatest common divisor of t and c?
8
Let q be 1/((6/(-36))/((-22)/12)). What is the greatest common factor of q and 1397?
11
Suppose -2*m = -0*m - 54. Let b(k) = -4*k**2 - 3*k + 79. Let l be b(4). Calculate the greatest common factor of m and l.
3
Let l = 1291 - 1272. Calculate the greatest common factor of l and 361.
19
Let b be (5 + -9)*(-14)/(-8). Let z = -5 - b. Let c be (-3 - 2)*(-1 - 0). Calculate the highest common divisor of c and z.
1
Suppose 1155 = 7*y - 21. What is the highest common divisor of y and 42?
42
Let g be 16/2 - (0/2 + 1). Let o be 3 + (g/(-7))/((-1)/9). Calculate the highest common divisor of 84 and o.
12
Let t be (40 - -1) + -30*(-30)/225. Calculate the greatest common factor of 255 and t.
15
Let c be (-8 - -4) + 6/2. Let t be 3 - (c - 4 - -2). Let p(s) = s**3 - 3*s**2 - 4*s - 4. Let z be p(t). What is the greatest common divisor of z and 32?
16
Let h(g) = -g**3 + 15*g**2 + 59*g - 54. Let k be h(18). Let r = 8 + -6. Let f(q) = 6*q - 3. Let b be f(r). Calculate the greatest common factor of b and k.
9
Let g be 2/(0 - -4)*10. Let o be (-12)/60 - (-66)/g. What is the greatest common factor of 117 and o?
13
Let r(h) = -15 - h**2 - 5 + 44 + 22*h - 10. Let l be r(16). What is the greatest common factor of l and 22?
22
Suppose 4*n = 41 - 1. What is the highest common factor of 2400 and n?
10
Suppose -3*i + 72 = -168. Calculate the greatest common divisor of i and 200.
40
Let a(d) = -10*d + 40. Let t be a(-6). Let u = 101 + -81. Calculate the highest common divisor of u and t.
20
Suppose -3*b = -y - 11, 4*y + 4*b - 9 = 11. Let v(z) = -z**2 + z. Let n be v(y). Let m = n - -16. Calculate the highest common divisor of m and 160.
16
Suppose 2*x = 2, -134*q + 2*x - 1362 = -138*q. What is the greatest common divisor of q and 180?
20
Suppose 0 = 131*x - 138*x + 21. What is the greatest common divisor of 57 and x?
3
Suppose 3*w + 173 = -10. Let x = w - -75. What is the highest common divisor of x and 140?
14
Let a be 2/7 + 57/21. Suppose -4 = -2*u - w, u + 2*w = a - 1. Let o be 2 - ((-54)/3 - u). What is the highest common factor of o and 88?
22
Suppose 0 = 3*b - 3*s - 90, 2*b = 3*b - 3*s - 30. Calculate the highest common factor of 135 and b.
15
Let l(w) be the first 